is -104633 + 4134?
-100466
In base 12, what is 3689678 + -1?
3689677
In base 10, what is 2 - -21280302?
21280304
In base 12, what is -10631 + -63?
-10694
In base 7, what is 6453330 - -4362?
6461022
In base 10, what is 4 + 1119315?
1119319
In base 7, what is 2141 + -344630?
-342456
In base 16, what is 5ee02b + 2?
5ee02d
In base 10, what is -2418202 - -11?
-2418191
In base 4, what is 2033100 + -103301?
1323133
In base 6, what is 22450 + -5051?
13355
In base 12, what is 1b - -4766986?
47669a5
In base 4, what is -2 - 2022233232?
-2022233300
In base 14, what is -356955 - -9?
-35694a
In base 16, what is 3 + -47b8dbb?
-47b8db8
In base 11, what is -5 - -9785716?
9785711
In base 3, what is -2 - -21112020002011?
21112020002002
In base 4, what is -130 + 101322020301?
101322020111
In base 16, what is 7a07a - -c?
7a086
In base 11, what is -8142 + 4696?
-3557
In base 14, what is -5d4c268 + 3?
-5d4c265
In base 3, what is -1 - 1001112202220111?
-1001112202220112
In base 3, what is 2021002111100 - 10002?
2021002101021
In base 15, what is 17 + -200c2b?
-200c14
In base 10, what is 4 - 28170851?
-28170847
In base 12, what is 27b4 + -1a807?
-18013
In base 3, what is 0 - -10011000221011?
10011000221011
In base 14, what is 5c5 + -b4450?
-b3c69
In base 6, what is 103524524 + -13?
103524511
In base 14, what is -d24ca + 207?
-d22c3
In base 6, what is -2413 - 4012234?
-4015051
In base 13, what is -18c - -1436a?
141ab
In base 4, what is 30130 - 2022013211?
-2021323021
In base 2, what is 1111011100010101 - -101011?
1111011101000000
In base 7, what is 3 + 41023013?
41023016
In base 15, what is 7 - 12ebe4?
-12ebdc
In base 9, what is 3866300 + 0?
3866300
In base 5, what is 104421340324 - 40?
104421340234
In base 9, what is -2 + -64178342?
-64178344
In base 6, what is -3242142 - 2002?
-3244144
In base 8, what is 15 - 1242747?
-1242732
In base 3, what is -121211 - 1010010?
-1201221
In base 9, what is -15 + -11582652?
-11582667
In base 12, what is -1826354 - -1?
-1826353
In base 9, what is -3 + -26548566?
-26548570
In base 9, what is -14 - 27561455?
-27561470
In base 7, what is -3 + -2135150366?
-2135150402
In base 9, what is 306 - -17801?
18207
In base 2, what is -100 - -1101100000011110111100?
1101100000011110111000
In base 9, what is 2437 + -23507?
-21060
In base 2, what is 11101101111100110 + 11111001?
11101110011011111
In base 10, what is 1 - 11971605?
-11971604
In base 7, what is -5 + 15010440?
15010432
In base 15, what is -1 - 3c8603?
-3c8604
In base 8, what is -10554347 + 4?
-10554343
In base 10, what is -56656 - -68?
-56588
In base 9, what is -123623227 + -2?
-123623230
In base 7, what is -10 - 35255000?
-35255010
In base 10, what is 921180 - 36?
921144
In base 7, what is -5 - -2112555?
2112550
In base 6, what is -402023 + 25302?
-332321
In base 9, what is 24821748 + 15?
24821764
In base 12, what is -1a429a - -27?
-1a4273
In base 11, what is -115 - 349a9?
-35013
In base 14, what is 244da87 - -5?
244da8c
In base 11, what is 16761084 - 2?
16761082
In base 5, what is -14 + -3230144142?
-3230144211
In base 4, what is 32333301 + 231?
33000132
In base 3, what is 100020222 + -101201?
22212021
In base 10, what is 28030 - -188?
28218
In base 9, what is 12122245 + -2?
12122243
In base 6, what is -45 + 1410510?
1410421
In base 6, what is -2105215412 + -42?
-2105215454
In base 4, what is 11 + 10222111321000?
10222111321011
In base 14, what is 68 + -352b5?
-3524b
In base 2, what is 10011 + -101001101101101?
-101001101011010
In base 3, what is 110 - -10000221212?
10000222022
In base 7, what is -3 + 32344343?
32344340
In base 2, what is -111010010101 + 10101100110?
-100100101111
In base 15, what is -5 + 43036?
43031
In base 5, what is -32 + -4004322003?
-4004322040
In base 6, what is -3043 + 1320053?
1313010
In base 11, what is 9334a - -95?
93434
In base 6, what is 13311242 + -1010?
13310232
In base 4, what is -2202 - 201001?
-203203
In base 2, what is 10000000011100000 + -11111001000111?
1100001010011001
In base 8, what is -15117767 + 74?
-15117673
In base 14, what is 12 + -c0916?
-c0904
In base 6, what is 343 - 525443?
-525100
In base 4, what is -2103221202302 + -2?
-2103221202310
In base 2, what is -1011100101001111100010101 + 101010?
-1011100101001111011101011
In base 14, what is -9 + 4c14c4?
4c14b9
In base 8, what is -40 + -3732042?
-3732102
In base 7, what is 12622513 + 1?
12622514
In base 7, what is -2 - -10433633?
10433631
In base 8, what is -164005 - -203?
-163602
In base 2, what is -1 - -10001110111000011111010?
10001110111000011111001
In base 9, what is 3381 - 110354?
-105863
In base 16, what is -2 + -b75a8a?
-b75a8c
In base 15, what is 600189c + -11?
600188b
In base 8, what is -130523175 - 3?
-130523200
In base 9, what is -4 - -37383454?
37383450
In base 14, what is -41ba - 9a?
-4276
In base 9, what is 4538 - 523?
4015
In base 14, what is 5b8c672 - -3?
5b8c675
In base 8, what is -121 + -2065777?
-2066120
In base 11, what is -1 + -a02a61?
-a02a62
In base 9, what is 61 + 33767?
33838
In base 7, what is -2 + 110524161?
110524156
In base 2, what is -100000101 + -100011011100110010001?
-100011011101010010110
In base 14, what is -73 - 49dc3?
-4a056
In base 16, what is 336c + 151?
34bd
In base 10, what is 125384 - 17?
125367
In base 6, what is -214214513 - -4?
-214214505
In base 13, what is -14462 - -481?
-13cb1
In base 11, what is -6122a7 + 1?
-6122a6
In base 16, what is 28 - -31b99?
31bc1
In base 3, what is -221121101012 + 11?
-221121101001
In base 16, what is 3 - 10e452?
-10e44f
In base 15, what is d106 + -38?
d0bd
In base 3, what is 11200211110 - 1012?
11200210021
In base 12, what is -1095045 - 0?
-1095045
In base 3, what is 1120120221012 + 1120?
1120120222202
In base 2, what is 101000110111100010010111 + -11110?
101000110111100001111001
In base 4, what is 2212122000 + -12031?
2212103303
In base 10, what is 1838370 - -18?
1838388
In base 11, what is 37 + -1a2787?
-1a2750
In base 4, what is 30112313 + 3311?
30122230
In base 10, what is -9571 + 16681?
7110
In base 13, what is -5b - -23c5?
2367
In base 14, what is -1ba + -600?
-7ba
In base 5, what is 303233304 - 400?
303232404
In base 14, what is 40c506aa - -4?
40c506b0
In base 3, what is -1020211 - -100022210100?
100021112112
In base 11, what is -3a942 - -867?
-3a086
In base 7, what is -2135444110 + -3?
-2135444113
In base 12, what is -17b31 + 1644?
-164a9
In base 13, what is 2c7b - bcc3?
-9045
In base 12, what is 1756 + 2b63b?
31195
In base 15, what is c13b - -4e8?
c634
In base 4, what is 123213211 - -3221?
123223032
In base 8, what is -2756671653 + 0?
-2756671653
In base 12, what is -43b - -18911?
18492
In base 12, what is 5862b - 4a?
585a1
In base 5, what is 30424 + 144100?
230024
In base 12, what is 2 - -19aa6620?
19aa6622
In base 8, what is -1651544 - 24?
-1651570
In base 16, what is -5 - 870596?
-87059b
In base 9, what is -42370882 - 34?
-42371026
In base 8, what is -43 - -20242522?
20242457
In base 3, what is 20 - 11121222212220?
-11121222212200
In base 4, what is 2031120 + -13122020?
-11030300
In base 9, what is 281 - -1168?
1460
In base 6, what is -3 + -1055525121?
-1055525124
In base 11, what is -13 - -46032300?
46032298
In base 15, what is 17778c + 11?
17779d
In base 6, what is 40030400 + -112?
40030244
In base 13, what is 3 + -30420a?
-304207
In base 3, what is -11 - -110202002121010?
110202002120222
In base 4, what is 103 - -2212131003?
2212131112
In base 4, what is 131 + 1031112130?
1031112321
In base 16, what is -220f5b - -5?
-220f56
In base 4, what is -1 - 22223331120233?
-22223331120300
In base 16, what is 117 - -cf3ca?
cf4e1
In base 10, what is 442696113 + -2?
442696111
In base 9, what is 3008 + -102?
2806
In base 10, what is -22816473 + 3?
-22816470
In base 14, what is -a644 + 187?
-a49b
In base 6, what is 344 - -55541333?
55542121
In base 4, what is 330103 - 300200?
23303
In base 9, what is 2264 - 42460?
-40185
In base 3, what is -101211 - 11101111010021?
-11101111112002
In base 7, what is 553 + 165066?
165652
In base 10, what is -5 - -137779?
137774
In base 12, what is 9ba - -74b8?
82b6
In base 10, what is -1570871 - 7?
-1570878
In base 6, what is 41 - 44054530?
-44054445
In base 15, what is 11e14c + -2a?
11e122
In base 11, what is 47856 - 14?
47842
In base 14, what is -31b62 - 7?
-31b69
In base 9, wh